 10.
852
-2211201 (base 3) to base 5
-31241
What is 3bab (base 12) in base 16?
1af3
7777 (base 9) to base 8
13154
Convert -5000 (base 10) to base 12.
-2a88
Convert 1212 (base 5) to base 16.
b6
Convert -32211 (base 4) to base 7.
-2502
131463 (base 9) to base 12
3a256
4158 (base 10) to base 5
113113
1011101001101 (base 2) to base 3
22011221
Convert -607 (base 8) to base 6.
-1451
40 (base 13) to base 3
1221
What is 11159 (base 16) in base 13?
25b0b
What is ab8 (base 15) in base 10?
2423
322235 (base 7) to base 13
1c673
What is 389 (base 15) in base 9?
1083
What is 355 (base 7) in base 5?
1222
Convert -4708 (base 15) to base 16.
-3aeb
1001122 (base 3) to base 7
2153
What is 200211212 (base 3) in base 7?
55025
What is -4907 (base 13) in base 10?
-10316
What is 5761 (base 11) in base 9?
11340
Convert 4063 (base 12) to base 4.
1231023
339 (base 14) to base 5
10024
What is -304 (base 7) in base 16?
-97
What is -15678 (base 9) in base 16?
-2a0b
-202122201 (base 3) to base 12
-886a
1a8a (base 14) to base 13
2273
What is -ae8 (base 16) in base 3?
-10211102
Convert -a5a (base 12) to base 8.
-2746
What is 7a4 (base 14) in base 6?
11004
Convert 31123 (base 7) to base 5.
220422
What is -221212 (base 3) in base 16?
-2ba
Convert -2012 (base 8) to base 6.
-4442
-401 (base 7) to base 6
-525
What is 545 (base 8) in base 12?
259
Convert 450 (base 10) to base 12.
316
Convert -336 (base 14) to base 10.
-636
Convert -51 (base 10) to base 15.
-36
265a (base 13) to base 9
7462
Convert -1a0 (base 15) to base 12.
-273
What is 31114 (base 5) in base 9?
2710
What is 1000101110 (base 2) in base 8?
1056
Convert -1633 (base 10) to base 12.
-b41
Convert 201200001 (base 3) to base 6.
150214
What is -254 (base 7) in base 5?
-1022
2248 (base 16) to base 9
13031
What is -120215 (base 8) in base 12?
-1b951
Convert 141301 (base 5) to base 9.
7883
-2116 (base 8) to base 16
-44e
Convert 334 (base 6) to base 13.
a0
-1122112 (base 3) to base 14
-61c
Convert -1100012222 (base 3) to base 15.
-7c55
4121 (base 12) to base 2
1101110101001
Convert 1278 (base 11) to base 16.
67a
What is 20e4 (base 15) in base 4?
1230310
1b33 (base 12) to base 15
ed6
What is ad8 (base 15) in base 6?
15205
What is 4164 (base 8) in base 3?
2222011
What is -12d1 (base 16) in base 10?
-4817
What is -21035 (base 6) in base 3?
-10212212
Convert 5109 (base 10) to base 4.
1033311
What is -2566 (base 9) in base 12?
-1143
-4a75 (base 11) to base 16
-19d8
Convert 51330 (base 6) to base 16.
1aa6
Convert 200211 (base 3) to base 5.
4013
133545 (base 7) to base 12
12799
-766 (base 9) to base 14
-32b
What is 119c (base 13) in base 14?
ca3
Convert -334 (base 9) to base 16.
-112
Convert -11001 (base 3) to base 7.
-214
Convert -108a (base 14) to base 4.
-230302
What is -5f0 (base 16) in base 15?
-6b5
Convert -7857 (base 13) to base 12.
-9883
Convert 27268 (base 9) to base 11.
12952
-4311 (base 5) to base 11
-489
-211201000 (base 3) to base 14
-6063
Convert 254 (base 11) to base 6.
1221
1076 (base 14) to base 12
1794
What is 1010101 (base 3) in base 12?
584
What is 1597 (base 10) in base 16?
63d
What is 5013 (base 8) in base 12?
15a3
Convert -11031 (base 6) to base 5.
-22111
Convert 296 (base 12) to base 2.
110010010
-1020303 (base 4) to base 2
-1001000110011
Convert -11110100 (base 2) to base 10.
-244
Convert 2725 (base 9) to base 8.
4000
What is 1101110 (base 2) in base 5?
420
Convert 10221 (base 6) to base 3.
1220011
Convert 2402143 (base 5) to base 11.
30104
What is 12133 (base 5) in base 8?
1626
-21444 (base 11) to base 7
-156542
Convert 13a (base 14) to base 16.
f8
Convert -26035 (base 7) to base 14.
-271c
Convert -6b3 (base 15) to base 14.
-7a6
Convert 1122 (base 6) to base 5.
2031
What is -3bdd (base 15) in base 13?
-5aa3
What is 161 (base 10) in base 2?
10100001
176 (base 11) to base 8
314
b148 (base 14) to base 9
45676
-2334 (base 5) to base 6
-1332
-2214 (base 15) to base 13
-3394
What is 226 (base 11) in base 8?
416
-10000100101000 (base 2) to base 3
-102122101
Convert 1651 (base 7) to base 13.
3ca
Convert 2035 (base 6) to base 10.
455
Convert -5c26 (base 15) to base 11.
-13809
-11364 (base 12) to base 6
-254204
Convert 2342 (base 7) to base 11.
715
Convert 223 (base 6) to base 16.
57
Convert 23201 (base 4) to base 15.
342
Convert 1426 (base 9) to base 7.
3066
291 (base 11) to base 12
246
Convert -4e2 (base 15) to base 13.
-677
Convert 211212202 (base 3) to base 10.
16679
What is -1404324 (base 5) in base 6?
-340534
-1589 (base 14) to base 16
-f05
What is 1112342 (base 5) in base 6?
231150
Convert -1252 (base 15) to base 9.
-5315
What is -1452 (base 7) in base 15?
-286
What is -3310 (base 5) in base 7?
-1220
Convert -aaa (base 12) to base 4.
-120202
144223 (base 6) to base 10
13911
a04 (base 12) to base 9
1874
Convert -12213 (base 5) to base 14.
-4a9
What is 133 (base 10) in base 2?
10000101
-203307 (base 8) to base 14
-1a731
223222 (base 4) to base 13
136c
Convert -478 (base 9) to base 2.
-110001011
What is -1353 (base 6) in base 15?
-18c
Convert 227c (base 15) to base 16.
1c95
-1331 (base 5) to base 11
-187
What is 20321 (base 6) in base 16?
a99
44330 (base 5) to base 11
235a
What is -9671 (base 11) in base 4?
-3013233
What is -671b (base 12) in base 8?
-26207
Convert 1a8 (base 12) to base 2.
100010000
Convert 3203 (base 6) to base 5.
10343
Convert 763 (base 8) to base 12.
357
What is -333 (base 11) in base 14?
-207
1020112 (base 3) to base 11
753
What is 26a (base 16) in base 4?
21222
What is 3328 (base 10) in base 12?
1b14
Convert -67a (base 13) to base 16.
-45b
Convert 142 (base 9) to base 15.
7e
Convert -3d2 (base 14) to base 5.
-11042
454 (base 10) to base 15
204
What is -266 (base 14) in base 13?
-2b1
1020000220 (base 3) to base 5
1232311
What is 1320 (base 11) in base 5?
23331
231004 (base 5) to base 16
203e
636 (base 15) to base 12
989
What is -31430 (base 7) in base 3?
-101122112
121220 (base 3) to base 2
111001000
Convert 11d (base 15) to base 9.
311
What is 2132 (base 15) in base 7?
26321
-130 (base 10) to base 4
-2002
What is -54434 (base 6) in base 7?
-30616
What is 102021 (base 3) in base 2?
100110000
What is 1550 (base 7) in base 15?
2b8
What is -21164 (base 8) in base 11?
-6699
Convert 748 (base 12) to base 11.
888
-131 (base 12) to base 11
-155
Convert -203132 (base 4) to base 8.
-4336
Convert 11320 (base 8) to base 16.
12d0
4a1 (base 15) to base 11
876
What is -26703 (base 8) in base 16?
-2dc3
What is 648 (base 11) in base 9?
1054
-197 (base 12) to base 15
-124
1546 (base 7) to base 3
212001
Convert 12533 (base 7) to base 11.
2581
Convert 395 (base 16) to base 2.
1110010101
What is 20132002 (base 4) in base 8?
103602
Convert -1423 (base 8) to base 16.
-313
What is 8512 (base 12) in base 9?
21865
15401 (base 9) to base 16
2923
-e59 (base 15) to base 12
-1a56
100001101101 (base 2) to base 6
13553
-12341 (base 5) to base 10
-971
893 (base 13) to base 8
2700
What is 1183 (base 13) in base 3?
10101121
-25 (base 15) to base 2
-100011
Convert 29726 (base 11) to base 3.
2010210121
Convert 2034 (base 10) to base 4.
133302
-12220 (base 3) to base 10
-159
What is -25530 (base 8) in base 12?
-6508
100100001011 (base 2) to base 12
140b
-582 (base 11) to base 7
-2012
13300 (base 5) to base 6
4551
-12113200 (base 4) to base 14
-970c
Convert 1340121 (base 5) to base 8.
65620
Convert 11480 (base 13) to base 11.
21771
Convert -7387 (base 10) to base 16.
-1cdb
-720 (base 11) to base 7
-2351
104 (base 11) to base 2
1111101
What is 517 (base 8) in base 13?
1ca
-13024 (base 6) to base 2
-11110101000
What is dc4 (base 15) in base 13?
1552
-2240 (base 5) to base 16
-140
Convert -57b4 (base 12) to base 5.
-303114
What is -671 (base 11) in base 6?
-3420
-2330110 (base 5) to base 10
-42530
Convert -13fa0 (base 16) to base 11.
-56526
Convert -739 (base 10) to base 13.
-44b
33331 (base 4) to base 9
1354
Convert 1121201 (base 3) to base 15.
53a
-40840 (base 9) to base 4
-12210300
What is -328 (base 13) in base 6?
-2301
298 (base 12) to base 9
488
Convert -104c8 (base 15) to base 11.
-35942
-a80 (base 16) to base 3
-10200120
What is 130002 (base 4) in base 8?
3402
Convert -30300311 (base 4) to base 6.
-1042005
Convert 2303014 (base 5) to base 12.
1b895
What is -2232 (base 5) in base 14?
-189
Convert -189 (base 10) to base 11